{"id":4302,"date":"2024-11-03T07:00:59","date_gmt":"2024-11-03T07:00:59","guid":{"rendered":"https:\/\/fcipty.com\/box\/?page_id=4302"},"modified":"2025-07-04T14:22:17","modified_gmt":"2025-07-04T14:22:17","slug":"registro","status":"publish","type":"page","link":"https:\/\/fcipty.com\/box\/registro\/","title":{"rendered":"Registro"},"content":{"rendered":"\t\t<div data-elementor-type=\"wp-page\" data-elementor-id=\"4302\" class=\"elementor elementor-4302\" data-elementor-post-type=\"page\">\n\t\t\t\t<div class=\"elementor-element elementor-element-a804396 e-con-full e-flex e-con e-parent\" data-id=\"a804396\" data-element_type=\"container\">\n\t\t<div class=\"elementor-element elementor-element-3379d4d e-con-full elementor-hidden-desktop e-flex e-con e-child\" data-id=\"3379d4d\" data-element_type=\"container\" data-settings=\"{&quot;background_background&quot;:&quot;classic&quot;}\">\n\t\t\t\t<\/div>\n\t\t<div class=\"elementor-element elementor-element-a7425e7 e-con-full e-flex e-con e-child\" data-id=\"a7425e7\" data-element_type=\"container\" data-settings=\"{&quot;background_background&quot;:&quot;classic&quot;}\">\n\t\t<div class=\"elementor-element elementor-element-8cac5e9 e-con-full elementor-hidden-mobile elementor-hidden-tablet e-flex e-con e-child\" data-id=\"8cac5e9\" data-element_type=\"container\" data-settings=\"{&quot;background_background&quot;:&quot;classic&quot;}\">\n\t\t\t\t<\/div>\n\t\t<div class=\"elementor-element elementor-element-798a675 e-con-full e-flex e-con e-child\" data-id=\"798a675\" data-element_type=\"container\">\n\t\t<div class=\"elementor-element elementor-element-e4531a9 e-con-full e-flex e-con e-child\" data-id=\"e4531a9\" data-element_type=\"container\" id=\"first-title-form\">\n\t\t\t\t<div class=\"elementor-element elementor-element-e55263c elementor-widget__width-initial elementor-widget elementor-widget-heading\" data-id=\"e55263c\" data-element_type=\"widget\" data-widget_type=\"heading.default\">\n\t\t\t\t<div class=\"elementor-widget-container\">\n\t\t\t<h2 class=\"elementor-heading-title elementor-size-default\">Abre tu cuenta y trae el mundo a tu puerta en un clic.<\/h2>\t\t<\/div>\n\t\t\t\t<\/div>\n\t\t\t\t<\/div>\n\t\t\t\t<div class=\"elementor-element elementor-element-911fd9e elementor-widget__width-initial elementor-widget elementor-widget-shortcode\" data-id=\"911fd9e\" data-element_type=\"widget\" id=\"first-form\" data-widget_type=\"shortcode.default\">\n\t\t\t\t<div class=\"elementor-widget-container\">\n\t\t\t\t\t<div class=\"elementor-shortcode\"><div class=\"ef3-gtb-block wp-block-\"><style>\r\n    #multistep-form {\r\n      font-family: Bai Jamjuree, sans-serif;\r\n    }\r\n  \r\n    .step-circles-progress {\r\n      display: flex;\r\n      justify-content: center;\r\n      align-items: center;\r\n      margin-bottom: 30px;\r\n      position: relative;\r\n      gap: 9px;\r\n    }\r\n  \r\n    .step-circle {\r\n      width: 9px;\r\n      height: 9px;\r\n      background-color: #ffffff00;\r\n      border-radius: 50%;\r\n      cursor: pointer;\r\n      border-width: 2px;\r\n      border-style: solid;\r\n      border-color: #65D1A7;\r\n    }\r\n  \r\n    .step-circle.active {\r\n      background-color: #65D1A7;\r\n    }\r\n  \r\n    .form-group {\r\n      position: relative;\r\n      margin-bottom: 15px;\r\n    }\r\n  \r\n    input, select {\r\n      width: 100% !important;\r\n      border-radius: 0 !important; \/* Square edges *\/\r\n      background: none !important;\r\n      outline: none !important;\r\n      line-height: 1.3em !important;\r\n      background-color: #00000000 !important;\r\n      font-size: 14px !important;\r\n      font-weight: 500 !important;\r\n      text-transform: uppercase !important;\r\n      border-color: #65D1A7 !important;\r\n      padding: 16px !important;\r\n      color: #ffffff !important;\r\n      border-width: 1px !important;\r\n      border-style: solid !important;\r\n    }\r\n\t\r\n\tinput[type=\"text\"]:focus, input[type=\"password\"]:focus, input[type=\"email\"]:focus {\r\n\t\tborder-color: #65D1A7 !important;\r\n\t}\r\n    \r\n    input::placeholder, \r\n    select::placeholder {\r\n      color: #ffffff4D;\r\n    }\r\n  \r\n    input:focus, select:focus, textarea:focus {\r\n      border-color: #65D1A7 !important; \/* Darker green when focused *\/\r\n      background-color: transparent; \/* Light green background when focused *\/\r\n    }\r\n  \r\n    input:not(:placeholder-shown),\r\n    textarea:not(:placeholder-shown),\r\n    select:not([value=\"\"]) {\r\n      background-color: transparent; \/* Transparent background when input has value *\/\r\n      color: #ffffff; \/* White text color *\/\r\n    }\r\n  \r\n    .step {\r\n      display: none;\r\n    }\r\n  \r\n    .form-group:last-child {\r\n      margin-bottom: 2px;\r\n    }\r\n  \r\n    .step.active {\r\n      display: block;\r\n    }\r\n  \r\n    .error {\r\n      background-color: transparent;\r\n      color: #E04562;\r\n      font-size: 12px;\r\n      font-family: inherit;\r\n      font-weight: 500;\r\n      padding: 2px 10px;\r\n      border-radius: 2px;\r\n      line-height: 2em;\r\n      margin: 5px 0 0;\r\n      width: 100%;\r\n      display: block;\r\n      display: none;\r\n    }\r\n\r\n    .info {\r\n      background-color: transparent;\r\n      color: #8fc400;\r\n    }\r\n  \r\n    .next-btn {\r\n      width: 100%;\r\n    }\r\n  \r\n    .terminos-condiciones {\r\n      color: #043359;\r\n      font-family: Bai Jamjuree, sans-serif;\r\n      font-size: 12px !important;\r\n      font-weight: 500;\r\n      line-height: 14px;\r\n      margin: 0px;\r\n    }\r\n  \r\n    button {\r\n      width: 100%;\r\n      text-transform: uppercase;\r\n      font-weight: 700;\r\n      font-size: 14px;\r\n      background-color: #65D1A7;\r\n      box-shadow: none;\r\n      margin: 30px 0;\r\n      padding: 10px;\r\n      border: 0;\r\n      border-radius: 2px;\r\n      line-height: 1.45em;\r\n      text-align: center;\r\n      text-transform: uppercase;\r\n      color: #FFFFFF;\r\n    }\r\n    \r\n    #first-telefono {\r\n       padding-left: 48px !important;\r\n    }\r\n    \r\n    .form-group .iti {\r\n        width: 100%;\r\n    }\r\n    \r\n    .iti__search-input {\r\n        color: #0000004D !important\r\n    }\r\n  <\/style>\r\n  <div>\r\n      <link rel=\"stylesheet\" href=\"https:\/\/cdn.jsdelivr.net\/npm\/intl-tel-input@24.7.0\/build\/css\/intlTelInput.css\">\r\n      <form id=\"first-multistep-form\">\r\n      <!-- Step 1 -->\r\n      <div class=\"step active\" id=\"step-1\">\r\n        <div class=\"form-group\">\r\n          <input type=\"text\" id=\"first-nombre\" name=\"nombre\" placeholder=\"Nombre*\" required>\r\n          <span class=\"error\" id=\"error-first-nombre\"><\/span>\r\n        <\/div>\r\n        <div class=\"form-group\">\r\n          <input type=\"email\" id=\"first-email\" name=\"email\" placeholder=\"Email*\" required>\r\n          <span class=\"error\" id=\"error-first-email\"><\/span>\r\n        <\/div>\r\n        <div class=\"form-group\">\r\n          <input type=\"text\" id=\"first-cedula\" name=\"cip\" placeholder=\"C\u00e9dula\/Pasaporte*\" required>\r\n          <span class=\"error\" id=\"error-first-cedula\"><\/span>\r\n        <\/div>\r\n        <div class=\"form-group\">\r\n          <input type=\"text\" id=\"first-telefono\" name=\"numero_contacto\" placeholder=\"Telefono*\" required>\r\n          <span class=\"error\" id=\"error-first-telefono\"><\/span>\r\n        <\/div>\r\n        <div class=\"form-group\">\r\n          <input type=\"password\" id=\"first-password\" name=\"contrasena1\" placeholder=\"Contrase\u00f1a*\" required>\r\n          <span class=\"error\" id=\"error-first-password\"><\/span>\r\n        <\/div>\r\n        <div class=\"form-group\">\r\n          <input type=\"password\" id=\"first-confirm-password\" name=\"confirm-password\" placeholder=\"Repetir contrase\u00f1a*\" required>\r\n          <span class=\"error\" id=\"error-first-confirm-password\"><\/span>\r\n        <\/div>\r\n      <\/div>\r\n  \r\n      <!-- Step 2 -->\r\n      <div class=\"step\" id=\"first-step-2\">\r\n        <div class=\"form-group\">\r\n          <select id=\"first-ruta\" name=\"ruta\" required>\r\n            <option value=\"\">Selecciona una ruta de entrega*<\/option>\r\n            <script>\r\n              $.post('https:\/\/fcipty.com\/portal\/act.php',{opcion:3}, null, \"json\").done( function(data) {\r\n                for(var i=0; i < data.datos.length; i++){\r\n                  $(\"#first-ruta\").append('<option value='+data.datos[i]['id']+'>'+data.datos[i]['nombre_ruta']+'<\/option>');\r\n                };\r\n                $(\"#first-ruta\").append('<option value=\"25\">OTRA<\/option>');\r\n              });\t\t\t\t\t\t\t\t\r\n            <\/script>\t\r\n          <\/select>\r\n        <\/div>\r\n        <div class=\"form-group\">\r\n          <input type=\"text\" id=\"first-address\" name=\"direccion\" placeholder=\"Direccion*\" required>\r\n          <span class=\"error\" id=\"error-first-address\"><\/span>\r\n        <\/div>\r\n        <div class=\"form-group\">\r\n          <input type=\"text\" id=\"first-prom_cod\" name=\"prom_cod\" placeholder=\"C\u00f3digo promocional\">\r\n          <span class=\"error\" id=\"error-first-prom_cod\"><\/span>\r\n        <\/div>\r\n        <input type=\"hidden\" id=\"first-source\" name=\"source\">\r\n        <input type=\"hidden\" name=\"messenger_user_ref\" value=\"0\">\r\n      <\/div>\r\n    <\/form>\r\n    <h2 class=\"terminos-condiciones\">Al registrarme acepto los <a class=\"terminos-condiciones-link\" href=\"https:\/\/fcipty.com\/box\/wp-content\/uploads\/2025\/03\/TERMINOS-Y-CONDICIONES.pdf\" target=\"_blank\"><strong>T\u00e9rminos y Condiciones<\/strong><\/a><\/h2>\r\n    <button type=\"button\" class=\"next-btn\" id=\"first-next-btn\">Crear mi cuenta<\/button>\r\n  \r\n    <!-- Progress Bar -->\r\n    <div class=\"step-circles-progress\" id=\"first-step-circles-progress\">\r\n      <div class=\"step-circle active\" data-step=\"0\"><\/div>\r\n      <div class=\"step-circle\" data-step=\"1\"><\/div>\r\n    <\/div>\r\n  \t<script src=\"https:\/\/cdn.jsdelivr.net\/npm\/intl-tel-input@24.7.0\/build\/js\/intlTelInput.min.js\"><\/script>\r\n\t<script async src=\"https:\/\/www.googletagmanager.com\/gtag\/js?id=G-12MY0V1D2V\"><\/script>\r\n<!-- Api y funci\u00f3n para autocompletar direcci\u00f3n formulario de registro agregado por eddy Quintero el 26-05-2025 a las 16:15' hrs -->\r\n<script src=\"https:\/\/maps.googleapis.com\/maps\/api\/js?key=AIzaSyB3Yb2ZNhr4VJKEZa3Cwv0Ty1gzY3vgf5E&libraries=places\"><\/script>\r\n<script>\r\n  function initAutocomplete() {\r\n    const input = document.getElementById(\"first\");\r\n    const autocomplete = new google.maps.places.Autocomplete(input, {\r\n      types: ['geocode'],\r\n      componentRestrictions: { country: \"pa\" }\r\n    });\r\n  }\r\n\r\n  google.maps.event.addDomListener(window, 'load', initAutocomplete);\r\n<\/script>\t  \r\n\t  \r\n    <script>\r\n\t  window.dataLayer = window.dataLayer || [];\r\n      function gtag(){dataLayer.push(arguments);}\r\n      gtag('js', new Date());\r\n      gtag('config', 'G-12MY0V1D2V');\r\n\r\n\t\t\r\n      $(document).ready(function () {\r\n\t\tconst url = window.location.href;\r\n\t\tconst urlObj = new URL(url);\r\n\t\tconst queryString = urlObj.search;\r\n\t\tconst params = new URLSearchParams(urlObj.search);\r\n\t\tconst promoCode = params.get('promo');\r\n\t\tconst source = params.get('source');\r\n\t\tif(promoCode){\r\n\t\t\t$(\"#first-prom_cod\").val(promoCode);\r\n\t\t}\r\n\t\tif(source){\r\n\t\t\t$(\"#first-source\").val(source);\r\n\t\t}\r\n \u00a0 \u00a0 \u00a0 \u00a0const input = document.querySelector(\"#first-telefono\");\r\n        const iti = window.intlTelInput(input, {\r\n            loadUtilsOnInit: \"https:\/\/cdn.jsdelivr.net\/npm\/intl-tel-input@24.7.0\/build\/js\/utils.js\",\r\n        });\r\n        iti.setCountry(\"pa\");\r\n        let currentStep = 0;\r\n        const steps = $(\"#first-multistep-form .step\");\r\n        const circles = $(\"#first-step-circles-progress .step-circle\");\r\n  \r\n        function showStep(stepIndex) {\r\n          steps.removeClass(\"active\");\r\n          $(steps[stepIndex]).addClass(\"active\");\r\n  \r\n          circles.removeClass(\"active\");\r\n          $(circles[stepIndex]).addClass(\"active\");\r\n        }\r\n  \r\n        function validateStep0() {\r\n          return !validateInput($(\"#first-nombre\")) || !validateInput($(\"#first-email\")) || !validateInput($(\"#first-cedula\")) || !validateInput($(\"#first-telefono\")) || !validateInput($(\"#first-password\")) || !validateInput($(\"#first-confirm-password\"));\r\n        }\r\n  \r\n        $(\"#first-step-circles-progress .step-circle\").click(function () {\r\n          const stepIndex = $(this).data(\"step\");\r\n          currentStep = stepIndex;\r\n          if(validateStep0()) {\r\n            return;\r\n          }\r\n          showStep(stepIndex);\r\n        });\r\n\r\n        function validatePromCode(value) {\r\n\t\t  const codigoPromocional = value.toUpperCase();\r\n          $.post('https:\/\/fcipty.com\/portal\/act.php',{opcion:2, cp: codigoPromocional}, null, \"json\").done( function(data) {\r\n            if(data.datos[0][0] != codigoPromocional) {\r\n              $(\"#error-first-prom_cod\").removeClass(\"info\");\r\n              $(\"#error-first-prom_cod\").text(\"Este codigo no existe o est\u00e1 vencido\");\r\n              $(\"#error-first-prom_cod\").css(\"display\", \"block\");\r\n            } else {\r\n              $(\"#error-first-prom_cod\").text(data.datos[0][1]);\r\n              $(\"#error-first-prom_cod\").css(\"display\", \"block\");\r\n              $(\"#error-first-prom_cod\").addClass(\"info\");\r\n            }\r\n          });\r\n        }\r\n        \r\n        function validateInput(input) {\r\n          const value = $(input).val();\r\n          const id = $(input).attr(\"id\");\r\n          const errorElement = $(`#error-${id}`);\r\n          \r\n          if ($(input).prop(\"required\") && value.trim() === \"\") {\r\n            errorElement.text(\"Este campo es requerido.\");\r\n            errorElement.css(\"display\", \"block\");\r\n            return false;\r\n          } else {\r\n            errorElement.hide();\r\n          }\r\n    \r\n          if (id === \"first-email\") {\r\n            const emailRegex = \/^[^\\s@]+@[^\\s@]+\\.[^\\s@]+$\/;\r\n            if (!emailRegex.test(value)) {\r\n              errorElement.text(\"Por favor, introduce una direcci\u00f3n de correo electr\u00f3nico v\u00e1lida.\");\r\n              errorElement.css(\"display\", \"block\");\r\n              return false;\r\n            } else {\r\n              errorElement.hide();\r\n            }\r\n          }\r\n    \r\n          if (id === \"first-telefono\") {\r\n            const dialCode = iti.getSelectedCountryData()[\"dialCode\"];\r\n            const phoneRegex = \/^[0-9]{7,15}$\/;\r\n            \r\n            if(!dialCode) {\r\n              errorElement.text(\"Por favor, seleccione el co\u00f3digo del pais\");\r\n              errorElement.css(\"display\", \"block\");\r\n              return false;\r\n            } else {\r\n              errorElement.hide();\r\n            }\r\n          }\r\n    \r\n          if (id === \"first-confirm-password\") {\r\n            const password = $(\"#first-password\").val();\r\n            if (value !== password) {\r\n              errorElement.text(\"Las contrase\u00f1as no coinciden.\");\r\n              errorElement.css(\"display\", \"block\");\r\n              return false;\r\n            } else {\r\n              errorElement.hide();\r\n            }\r\n          }\r\n  \r\n          if(id === \"first-ruta\") {\r\n            if(value == \"\") {\r\n              errorElement.text(\"Por favor, selecciona una ruta de entrega.\");\r\n              errorElement.css(\"display\", \"block\");\r\n              return false;\r\n            } else {\r\n              errorElement.hide();\r\n            }\r\n          }\r\n\r\n          if(id === \"first-prom_cod\" && value != \"\") {\r\n            validatePromCode(value);\r\n          }\r\n    \r\n          errorElement.text(\"\");\r\n          return true;\r\n        }\r\n  \r\n        function validateAllInputs(step) {\r\n          let isValid = true;\r\n          $(step)\r\n            .find(\"input, select\")\r\n            .each(function () {\r\n              if (!validateInput(this)) {\r\n                isValid = false;\r\n              }\r\n            });\r\n          return isValid;\r\n        }\r\n       \r\n  \r\n        $(\"#first-multistep-form input, select\").on(\"blur\", function () {\r\n          validateInput(this);\r\n        });\r\n  \r\n        $(\"#first-next-btn\").on(\"click\", function (event) {\r\n          event.preventDefault();\r\n          if($(\"#first-step-2\").hasClass(\"active\")) {\r\n            if (!validateAllInputs($(steps[currentStep]))) {\r\n              return;\r\n            }\r\n      \r\n            const form = document.getElementById(\"first-multistep-form\");\r\n            const formData = new FormData(form);\r\n            formData.append(\"cod_pais\", \"+\" + iti.getSelectedCountryData()[\"dialCode\"])\r\n            \r\n            $.ajax({\r\n              url: \"https:\/\/fcipty.com\/box\/gracias.php\", \/\/ Replace with your endpoint\r\n              type: \"POST\",\r\n              data: formData,\r\n              processData: false, \/\/ Prevent jQuery from converting FormData into a string\r\n              contentType: false, \/\/ Prevent jQuery from overriding the content type\r\n              success: function (response) {\r\n                $(\"#first-success-message-form\").css(\"display\", \"flex\");\r\n                $(\"#first-title-form\").css(\"display\", \"none\");\r\n                $(\"#first-form\").css(\"display\", \"none\");\r\n\t\t\t\tif (!localStorage.getItem(\"evt_registroCompleto\")) {\r\n\t\t\t\t\twindow.dataLayer = window.dataLayer || [];\r\n\t\t\t\t\twindow.dataLayer.push({ event: \"registroCompleto\" });\r\n\t\t\t\t\tlocalStorage.setItem(\"evt_registroCompleto\", \"true\");\r\n\t\t\t\t}\r\n              }\r\n            });\r\n          } else {\r\n\t\t  \r\n\t\t  }\r\n          \r\n          if (currentStep === 0 && validateStep0()) {\r\n            return;\r\n          }\r\n  \r\n          if (currentStep < steps.length - 1) {\r\n            currentStep++;\r\n            showStep(currentStep);\r\n          }\r\n        });\r\n      });\r\n    <\/script>\r\n  <\/div><\/div><\/div>\n\t\t\t\t<\/div>\n\t\t\t\t<\/div>\n\t\t\t\t<div class=\"elementor-element elementor-element-214c1d4 elementor-align-center elementor-widget elementor-widget-button\" data-id=\"214c1d4\" data-element_type=\"widget\" data-widget_type=\"button.default\">\n\t\t\t\t<div class=\"elementor-widget-container\">\n\t\t\t\t\t\t\t<div class=\"elementor-button-wrapper\">\n\t\t\t\t\t<a class=\"elementor-button elementor-button-link elementor-size-sm\" href=\"https:\/\/fcipty.com\/box\" id=\"home\">\n\t\t\t\t\t\t<span class=\"elementor-button-content-wrapper\">\n\t\t\t\t\t\t<span class=\"elementor-button-icon\">\n\t\t\t\t<svg aria-hidden=\"true\" class=\"e-font-icon-svg e-fas-home\" viewBox=\"0 0 576 512\" xmlns=\"http:\/\/www.w3.org\/2000\/svg\"><path d=\"M280.37 148.26L96 300.11V464a16 16 0 0 0 16 16l112.06-.29a16 16 0 0 0 15.92-16V368a16 16 0 0 1 16-16h64a16 16 0 0 1 16 16v95.64a16 16 0 0 0 16 16.05L464 480a16 16 0 0 0 16-16V300L295.67 148.26a12.19 12.19 0 0 0-15.3 0zM571.6 251.47L488 182.56V44.05a12 12 0 0 0-12-12h-56a12 12 0 0 0-12 12v72.61L318.47 43a48 48 0 0 0-61 0L4.34 251.47a12 12 0 0 0-1.6 16.9l25.5 31A12 12 0 0 0 45.15 301l235.22-193.74a12.19 12.19 0 0 1 15.3 0L530.9 301a12 12 0 0 0 16.9-1.6l25.5-31a12 12 0 0 0-1.7-16.93z\"><\/path><\/svg>\t\t\t<\/span>\n\t\t\t\t\t\t\t\t\t<span class=\"elementor-button-text\">Home<\/span>\n\t\t\t\t\t<\/span>\n\t\t\t\t\t<\/a>\n\t\t\t\t<\/div>\n\t\t\t\t\t\t<\/div>\n\t\t\t\t<\/div>\n\t\t<div class=\"elementor-element elementor-element-b75f70b e-con-full e-flex e-con e-child\" data-id=\"b75f70b\" data-element_type=\"container\" id=\"first-success-message-form\">\n\t\t\t\t<div class=\"elementor-element elementor-element-90f7d83 elementor-widget__width-initial elementor-widget elementor-widget-heading\" data-id=\"90f7d83\" data-element_type=\"widget\" data-widget_type=\"heading.default\">\n\t\t\t\t<div class=\"elementor-widget-container\">\n\t\t\t<h2 class=\"elementor-heading-title elementor-size-default\">\u00a1Ya tienes tu FCI BOX!<\/h2>\t\t<\/div>\n\t\t\t\t<\/div>\n\t\t\t\t<div class=\"elementor-element elementor-element-1a0eadc elementor-widget__width-initial elementor-widget elementor-widget-heading\" data-id=\"1a0eadc\" data-element_type=\"widget\" data-widget_type=\"heading.default\">\n\t\t\t\t<div class=\"elementor-widget-container\">\n\t\t\t<h2 class=\"elementor-heading-title elementor-size-default\">Recibir\u00e1s un correo de confirmaci\u00f3n para que puedas empezar a disfrutar de todo lo que mereces, y punto. <\/h2>\t\t<\/div>\n\t\t\t\t<\/div>\n\t\t\t\t<\/div>\n\t\t\t\t<\/div>\n\t\t\t\t<\/div>\n\t\t\t\t<\/div>\n\t\t<div class=\"elementor-element elementor-element-c3726bf e-con-full e-flex e-con e-parent\" data-id=\"c3726bf\" data-element_type=\"container\">\n\t\t\t\t<div class=\"elementor-element elementor-element-67c6efe elementor-widget elementor-widget-html\" data-id=\"67c6efe\" data-element_type=\"widget\" data-widget_type=\"html.default\">\n\t\t\t\t<div class=\"elementor-widget-container\">\n\t\t\t<style>\n    #first-success-message-form {\n        display: none;\n    }\n<\/style>\t\t<\/div>\n\t\t\t\t<\/div>\n\t\t\t\t<\/div>\n\t\t\t\t<\/div>\n\t\t","protected":false},"excerpt":{"rendered":"<p>Abre tu cuenta y trae el mundo a tu puerta en un clic. Home \u00a1Ya tienes tu FCI BOX! Recibir\u00e1s un correo de confirmaci\u00f3n para que puedas empezar a disfrutar de todo<\/p>\n","protected":false},"author":6,"featured_media":0,"parent":0,"menu_order":0,"comment_status":"closed","ping_status":"closed","template":"..\/public\/views\/revslider-page-template.php","meta":{"footnotes":""},"_links":{"self":[{"href":"https:\/\/fcipty.com\/box\/wp-json\/wp\/v2\/pages\/4302"}],"collection":[{"href":"https:\/\/fcipty.com\/box\/wp-json\/wp\/v2\/pages"}],"about":[{"href":"https:\/\/fcipty.com\/box\/wp-json\/wp\/v2\/types\/page"}],"author":[{"embeddable":true,"href":"https:\/\/fcipty.com\/box\/wp-json\/wp\/v2\/users\/6"}],"replies":[{"embeddable":true,"href":"https:\/\/fcipty.com\/box\/wp-json\/wp\/v2\/comments?post=4302"}],"version-history":[{"count":293,"href":"https:\/\/fcipty.com\/box\/wp-json\/wp\/v2\/pages\/4302\/revisions"}],"predecessor-version":[{"id":6612,"href":"https:\/\/fcipty.com\/box\/wp-json\/wp\/v2\/pages\/4302\/revisions\/6612"}],"wp:attachment":[{"href":"https:\/\/fcipty.com\/box\/wp-json\/wp\/v2\/media?parent=4302"}],"curies":[{"name":"wp","href":"https:\/\/api.w.org\/{rel}","templated":true}]}}